 of 50310154.
2, 23, 1093699
List the prime factors of 58083653.
733, 79241
What are the prime factors of 36906868?
2, 53, 107, 1627
List the prime factors of 14448200.
2, 5, 13, 5557
List the prime factors of 237207020.
2, 5, 19, 624229
List the prime factors of 35199875.
5, 19, 14821
What are the prime factors of 438928938?
2, 3, 7, 31, 103, 1091
List the prime factors of 2954193183.
3, 37, 131, 241, 281
What are the prime factors of 139016923?
29, 4793687
List the prime factors of 247378997.
101, 2449297
What are the prime factors of 40717770?
2, 3, 5, 137, 9907
What are the prime factors of 154400270?
2, 5, 19, 812633
What are the prime factors of 5258981136?
2, 3, 109562107
What are the prime factors of 290701741?
11, 103, 256577
What are the prime factors of 191256292?
2, 311, 153743
List the prime factors of 1542782866.
2, 97, 7952489
What are the prime factors of 12163938?
2, 3, 2027323
List the prime factors of 71102586.
2, 3, 101, 117331
List the prime factors of 63389625.
3, 5, 13, 13003
What are the prime factors of 15268777?
2311, 6607
List the prime factors of 41539355.
5, 11, 13, 41, 109
List the prime factors of 27829015.
5, 19, 457, 641
What are the prime factors of 2079849201?
3, 107, 809, 8009
List the prime factors of 3169004689.
3169004689
List the prime factors of 47337354.
2, 3, 2629853
List the prime factors of 79119698.
2, 7, 5651407
What are the prime factors of 368337753?
3, 7, 31, 1283
What are the prime factors of 1436254429?
1436254429
List the prime factors of 50944883.
11, 4631353
List the prime factors of 4939740837.
3, 2473, 221941
List the prime factors of 2417464634.
2, 13, 17, 23, 37, 6427
List the prime factors of 23321393.
31, 752303
What are the prime factors of 15336459?
3, 63113
What are the prime factors of 1997782779?
3, 9803, 67931
List the prime factors of 682572946.
2, 11, 31026043
What are the prime factors of 87032491?
7, 13, 956401
What are the prime factors of 45086684?
2, 367, 30713
List the prime factors of 22282909.
11, 2025719
List the prime factors of 1213104508.
2, 7, 11, 127, 31013
List the prime factors of 40510515.
3, 5, 43, 181, 347
What are the prime factors of 544028987?
544028987
List the prime factors of 146316449.
97, 1508417
What are the prime factors of 2148915861?
3, 4153, 57493
What are the prime factors of 172493277?
3, 11, 149, 35081
List the prime factors of 80661046.
2, 23, 593, 2957
List the prime factors of 13428809.
13428809
List the prime factors of 1347172623.
3, 149, 151, 6653
What are the prime factors of 572278700?
2, 5, 7, 307, 2663
What are the prime factors of 53172940?
2, 5, 17, 43, 3637
List the prime factors of 134551490.
2, 5, 13455149
What are the prime factors of 53979115?
5, 37, 291779
List the prime factors of 52269600.
2, 3, 5, 29, 751
List the prime factors of 116863783.
116863783
What are the prime factors of 118340439?
3, 7, 805037
List the prime factors of 37990485.
3, 5, 13, 21647
List the prime factors of 692837753.
29, 23890957
List the prime factors of 1136279291.
7, 179, 906847
List the prime factors of 263117419.
1291, 203809
What are the prime factors of 581080493?
7, 163, 607, 839
What are the prime factors of 14670004?
2, 3667501
What are the prime factors of 2914463313?
3, 1087, 297911
List the prime factors of 594875673.
3, 7, 9442471
List the prime factors of 513164493.
3, 149, 257, 1489
List the prime factors of 150165060.
2, 3, 5, 829, 3019
List the prime factors of 105041080.
2, 5, 2626027
List the prime factors of 2378186302.
2, 1189093151
What are the prime factors of 188529312?
2, 3, 1213, 1619
What are the prime factors of 4889346722?
2, 13, 19, 31, 37, 8629
What are the prime factors of 650538182?
2, 7, 46467013
What are the prime factors of 257168436?
2, 3, 7, 31, 61, 1619
List the prime factors of 1089419666.
2, 113, 4820441
What are the prime factors of 26207148?
2, 3, 11, 18049
List the prime factors of 3950849235.
3, 5, 1747, 150767
List the prime factors of 144350622.
2, 3, 13, 23, 26821
What are the prime factors of 5051959171?
7, 47, 3631, 4229
What are the prime factors of 764052637?
764052637
What are the prime factors of 23683131?
3, 59, 14867
List the prime factors of 162310739.
829, 195791
List the prime factors of 33651187.
163, 431, 479
List the prime factors of 70446804.
2, 3, 751, 7817
List the prime factors of 365810493.
3, 113, 1079087
List the prime factors of 1478118581.
181, 8166401
List the prime factors of 745334263.
139, 5362117
List the prime factors of 142757161.
142757161
What are the prime factors of 9283630?
2, 5, 41, 22643
List the prime factors of 197095698.
2, 3, 10949761
List the prime factors of 273768784.
2, 17110549
List the prime factors of 1577061296.
2, 29, 149, 22811
List the prime factors of 89341035.
3, 5, 7, 17, 50051
List the prime factors of 882525129.
3, 19, 29, 533893
List the prime factors of 707928208.
2, 13, 53, 64217
What are the prime factors of 239169820?
2, 5, 197, 60703
What are the prime factors of 7854277?
19, 21757
What are the prime factors of 58475810?
2, 5, 5847581
What are the prime factors of 995418534?
2, 3, 11, 3011, 5009
What are the prime factors of 948191970?
2, 3, 5, 11, 37, 79, 983
What are the prime factors of 94201655?
5, 18840331
List the prime factors of 50552144.
2, 59, 53551
List the prime factors of 4949796822.
2, 3, 43, 47, 408197
List the prime factors of 8618502.
2, 3, 1436417
List the prime factors of 95812658.
2, 53, 571, 1583
List the prime factors of 1210654.
2, 173, 3499
List the prime factors of 807233130.
2, 3, 5, 11, 61, 13367
List the prime factors of 36041453.
7, 5148779
What are the prime factors of 133766210?
2, 5, 569, 23509
List the prime factors of 27897333.
3, 29, 320659
List the prime factors of 5435453.
1213, 4481
What are the prime factors of 1186364812?
2, 296591203
What are the prime factors of 412102246?
2, 206051123
What are the prime factors of 4562964124?
2, 8387, 136013
List the prime factors of 8193747.
3, 29, 53, 1777
List the prime factors of 3242069838.
2, 3, 7, 31, 179, 4637
List the prime factors of 87319446.
2, 3, 17, 856073
List the prime factors of 284947468.
2, 13, 5479759
List the prime factors of 1285058340.
2, 3, 5, 571, 12503
List the prime factors of 3458593224.
2, 3, 48036017
What are the prime factors of 108849628?
2, 1709, 15923
List the prime factors of 3105351819.
3, 16073, 21467
List the prime factors of 2509772645.
5, 17, 1129, 26153
What are the prime factors of 80789418?
2, 3, 29, 154769
What are the prime factors of 914483482?
2, 11, 17, 151, 16193
What are the prime factors of 17441606?
2, 7, 13, 47, 2039
List the prime factors of 5180882.
2, 7, 19, 19477
What are the prime factors of 284188930?
2, 5, 443, 64151
What are the prime factors of 137023347?
3, 29, 1574981
List the prime factors of 1907469540.
2, 3, 5, 211, 16741
What are the prime factors of 252913585?
5, 50582717
What are the prime factors of 234211579?
7, 33458797
What are the prime factors of 371265748?
2, 7, 1894213
What are the prime factors of 332127582?
2, 3, 55354597
What are the prime factors of 105208001?
105208001
List the prime factors of 10683734.
2, 5341867
List the prime factors of 265111608.
2, 3, 11046317
List the prime factors of 40242396.
2, 3, 3353533
List the prime factors of 1019128356.
2, 3, 28309121
List the prime factors of 623996375.
5, 229, 21799
List the prime factors of 903733755.
3, 5, 349, 172633
List the prime factors of 77026761.
3, 7, 151, 2699
List the prime factors of 9021585.
3, 5, 601439
What are the prime factors of 479787864?
2, 3, 19991161
List the prime factors of 52908870.
2, 3, 5, 7, 251947
List the prime factors of 29018145.
3, 5, 13, 11447
List the prime factors of 1138129634.
2, 17, 33474401
What are the prime factors of 2289022616?
2, 286127827
List the prime factors of 2448764758.
2, 11, 4519, 24631
List the prime factors of 53452127.
53452127
What are the prime factors of 1620247849?
11, 17, 8664427
What are the prime factors of 34037720?
2, 5, 850943
List the prime factors of 135065894.
2, 2377, 28411
List the prime factors of 312825891.
3, 7, 17, 876263
List the prime factors of 227356482.
2, 3, 347, 109201
What are the prime factors of 102647029?
191, 653, 823
What are the prime